common factor of k and 27?
27
Suppose 0 = 2*a - m - 1, 5*a - 6*m = -4*m + 2. Let r(s) = -s**3 - s**2 + 10. Let z be r(a). Calculate the greatest common factor of z and 20.
10
Let w(f) = -3*f + 7. Let l(v) = 9*v - 21. Let a(z) = -6*l(z) - 17*w(z). Let x be a(-2). Calculate the highest common divisor of 52 and x.
13
Let h(l) = -l**2 - 23*l - 24. Let y be h(-16). Suppose -2*j + 0*f + 5*f = -37, 0 = 2*f + 6. Calculate the greatest common divisor of j and y.
11
Suppose 4*z = 11 - 11. Suppose -2*k = -q + 216, z = -2*q - 2*q + 2*k + 864. Calculate the highest common divisor of q and 54.
54
Let o = 458 + -370. Calculate the greatest common divisor of o and 22.
22
Let n(u) = -20*u + 126. Let w be n(6). Let t be (66/(-15) - -2)*-45. Suppose -i - t = -3*i. Calculate the highest common factor of w and i.
6
Let t = 16 + -3. Let s = 47 + -13. Let k = 86 - s. What is the greatest common divisor of t and k?
13
Let l(c) = -4*c + 64. Let w be l(-38). What is the highest common divisor of w and 144?
72
Suppose 2*n = -n + 72. Let l = -52 - -232. Suppose 4*s = s + l. Calculate the greatest common divisor of n and s.
12
Let r = -466 + 474. Calculate the greatest common factor of 6 and r.
2
Suppose 0 = -14*z + 681 - 65. What is the highest common factor of z and 32?
4
Suppose 0 = -14*k + 10*k. Suppose k = -2*j, -n - 4*j + 7 = -0*n. Let r = -121 + 177. What is the greatest common divisor of n and r?
7
Let p = 8 - -11. Suppose -4*j - 3 = 3*h - 1, h + 5*j + p = 0. Let b be -1 - ((-28 - -1) + 2). What is the greatest common divisor of b and h?
6
Suppose f - 80 = -4*g, -f = -4*g + 19 + 53. Let p be 4/(-2) - (-8)/(-2). Let x be 2/p*-3*152. What is the highest common divisor of g and x?
19
Let f(h) = -h**3 - 12*h**2 - 32*h + 5. Let p be f(-8). Calculate the highest common factor of 75 and p.
5
Let t(z) = z**3 - 9*z**2 + 12*z. Let p be t(8). Let d = -8 + p. Calculate the greatest common divisor of d and 32.
8
Let a = 1298 + -1026. What is the highest common divisor of a and 340?
68
Let t(c) = -13*c - 1. Let r(v) = v**3 + 5*v**2 - 6*v - 2. Let o be r(-6). Let l be t(o). Calculate the highest common factor of 25 and l.
25
Suppose -17*q = -23*q + 4050. What is the greatest common divisor of 27 and q?
27
Suppose 256*k = 260*k - 12. Suppose m - 4*m = x - 19, -k*x + 2*m = -2. What is the highest common factor of x and 20?
4
Let h = -372 - -544. Let s = 356 - h. What is the highest common divisor of 23 and s?
23
Suppose -90*t - 2548 = -104*t. What is the greatest common factor of 104 and t?
26
Let a be (-3 + (-50)/4)*-2. Suppose -a*s - 1530 = -36*s. Calculate the greatest common factor of s and 34.
34
Suppose 0 = -3*x - 4*n - 24, -9 = -4*x - n - 28. Let h be 4/x*(0 + -1). Suppose 2 + 3 = k. What is the greatest common factor of k and h?
1
Suppose -5*h - 4*z + 2 = 0, -1 = 2*z + 3. Let o be h*(27/3 - 4). What is the greatest common divisor of o and 10?
10
Let h(x) = -30*x - 140. Let k be h(-7). Calculate the greatest common divisor of 10 and k.
10
Let v(u) = -15*u**3 - u - 6. Let z be v(-2). What is the highest common factor of 145 and z?
29
Let q be (-12 + 84)/8 + -4. Let x = -92 - -142. Calculate the greatest common factor of x and q.
5
Suppose 11*w - 15 = 14*w. Let b = w - -21. Calculate the highest common divisor of 80 and b.
16
Let s be (-12)/(-18) + (1 - 1655/(-15)). What is the highest common divisor of 240 and s?
16
Suppose -2*d = -4*d + 34. Let w = -14841 - -14909. What is the highest common factor of d and w?
17
Let f(k) = 2*k - 2. Let j be f(3). Let y be 53 - (-9)/((-9)/j). Calculate the greatest common factor of y and 7.
7
Suppose -5*t + 7 = -23. Let g = -58 + 94. Let p = 18 + g. What is the highest common divisor of t and p?
6
Suppose 10*j - 6216 = -4*j. Calculate the greatest common divisor of j and 12.
12
Let s be 4/(-18) + 8840/90. Calculate the highest common divisor of 14 and s.
14
Let h(u) = -4*u**3 - 19*u**2 + 3*u + 3. Let q be h(-6). What is the highest common divisor of q and 99?
33
Let v be (1 - -26)*10/30. Let w = v - 2. Suppose -w*k = -2*k - 45. What is the highest common divisor of k and 9?
9
Suppose -21*y - 22*y + 1204 = 0. Calculate the highest common divisor of 64 and y.
4
Suppose 21*y - 20*y - 22 = -2*j, 5*y = 2*j + 158. What is the highest common factor of y and 255?
15
Let d(i) = 5*i**2 - 9*i. Suppose -3*j = u + 3, 0 = 3*u - 2*j - 12 - 1. Let f be d(u). Let c = 10 - 1. What is the greatest common divisor of c and f?
9
Suppose 14*p - 17*p = -48. Suppose -p*x = -13*x - 21. Let w be -1*(0 + 2) + 9. Calculate the highest common divisor of w and x.
7
Suppose -4*n + 37 = 3*x, n = 3*n - 8. Suppose 0 = 2*j + 3*j - 2*j. Suppose -2*m + j*m = -56. Calculate the highest common divisor of x and m.
7
Suppose 6*z - 3*z = -3*c + 12, 0 = 4*c + z - 7. Let f = 27 + c. Let k be (f/(-8) + 3)*-44. Calculate the greatest common divisor of 66 and k.
22
Suppose -3*q = 4*x + 19, 2*x = -5*q - 0*x - 27. Let p = q - -8. Suppose 29 = 2*k - p. What is the greatest common divisor of k and 32?
16
Let l(p) = -p**3 - 4*p**2 + 6*p + 5. Let h be l(-5). Suppose -1210 = -11*r - h*r. Calculate the highest common divisor of r and 10.
10
Suppose -121 = 9*o - 20*o. Calculate the greatest common factor of 979 and o.
11
Suppose -41 = -12*h + 91. Calculate the greatest common divisor of 44 and h.
11
Let g be 774/(-4)*(-8)/6*11. What is the greatest common factor of 66 and g?
66
Suppose -3*u = -426 + 48. Let n = -87 + u. What is the highest common divisor of n and 39?
39
Let i be (-42)/6 - (-1 - 81). What is the greatest common divisor of i and 840?
15
Suppose 2*b - 5*d = -48, 5*b = 2*b - 2*d - 72. Let l be 22/(-121) + b/(-11). Let s be (l/(-6))/(3/(-27)). Calculate the greatest common factor of 27 and s.
3
Suppose 8*k = 3*k + 2*b + 1145, -2*k = -3*b - 447. What is the highest common divisor of k and 63?
21
Suppose -5*j + 1 = 2*l + 2, 5 = 2*j - l. Let y be 51/85*(j - -14). Calculate the highest common factor of 1 and y.
1
Suppose -4*y = 3*f - 193, 5*f = -y + 3*f + 42. Calculate the highest common divisor of y and 8.
4
Let s be 2/(-3) - (-926)/3. Suppose 3*f - 167 + 83 = 0. What is the greatest common factor of s and f?
28
Let k be (-1)/(4 - 2634/658). Let l = -194 + k. What is the greatest common divisor of 15 and l?
15
Let o be (-54)/(-13) - 26/169. What is the highest common divisor of o and 2?
2
Let f be -3*5/10 - 10782/(-12). Calculate the greatest common divisor of f and 138.
69
Let i(a) = -13*a - 19. Suppose -18*j - 65 = -5*j. Let s be i(j). What is the greatest common factor of 2 and s?
2
Let a(l) = -l**3 - l - 1. Let h(t) = t**3 + 7*t**2 + 21*t + 13. Let w(k) = 2*a(k) + h(k). Let m be w(9). Calculate the greatest common factor of m and 220.
20
Let z be 5 + 72/(-15) - 316/(-20). Calculate the greatest common factor of 2096 and z.
16
Suppose -19 = -5*s + 3*u, 2*u + 4 = -9*s + 8*s. Suppose 0 = s*y + 9*y - 352. What is the highest common factor of 80 and y?
16
Suppose -6*x = 266 + 52. Let o = -52 - x. What is the highest common divisor of o and 1?
1
Let b = -12 + 14. Let c be b/3*3/2. Let u be (-4)/(-8)*18*c. Calculate the highest common factor of u and 18.
9
Let b(j) = -22*j**3 + 11*j**2 + 26*j + 1. Let y be b(-2). What is the greatest common divisor of 1 and y?
1
Let f(q) = -q**3 + q**2 + 18*q + 33. Let y be f(-2). What is the highest common divisor of y and 1521?
9
Suppose 2*t = n + 175, 0 = t - 5*n - 92 + 27. Let d be (1 + 0)*0 - -19. Let y = d + -1. Calculate the highest common factor of t and y.
18
Let f be (3/6)/(-14 - (-846)/60). What is the greatest common divisor of f and 305?
5
Let f be (40/3)/(10/75). Calculate the greatest common divisor of 240 and f.
20
Let r(d) = d**2 + d - 4. Let x = -57 + 49. Let l be r(x). What is the highest common divisor of 13 and l?
13
Suppose 2*p - 14 = -0. Suppose 0 = p*y - 13*y + 54. Calculate the greatest common divisor of y and 63.
9
Let m = -89 - -177. Let q be ((-60)/(-8) - 0)/(4/m). What is the greatest common divisor of 15 and q?
15
Let i = 41 + -39. Suppose i*x = 5*c + 22, 3*c = 4*x + 2*c - 26. What is the highest common factor of x and 6?
6
Let x = 11 - 2. Suppose -147 = -3*m + 4*z, 5*m + 5*z - 121 - 89 = 0. Calculate the greatest common factor of x and m.
9
Suppose -3*n + 460 = -n. Let o = n - 144. What is the highest common divisor of 43